{"id":3,"date":"2025-07-16T02:53:54","date_gmt":"2025-07-16T02:53:54","guid":{"rendered":"https:\/\/matsui.com.mx\/?page_id=3"},"modified":"2025-08-10T05:47:47","modified_gmt":"2025-08-10T05:47:47","slug":"politica-privacidad","status":"publish","type":"page","link":"https:\/\/matsui.com.mx\/index.php\/politica-privacidad\/","title":{"rendered":"Pol\u00edtica de privacidad"},"content":{"rendered":"\n<p><strong>MATSUI &amp; SALEM ABOGADOS<\/strong> (en lo sucesivo LA FIRMA), con domicilio en Avenida F\u00e9lix Cuevas 301, piso 9\u00b0, despacho 901, Colonia Del Valle, Alcald\u00eda Benito Ju\u00e1rez, C\u00f3digo Postal 03100, Ciudad de M\u00e9xico, a fin de dar cumplimiento a lo establecido por la Ley Federal de Protecci\u00f3n de Datos Personales en Posesi\u00f3n de los Particulares y su Reglamento (en lo sucesivo \u201cLey\u201d), es el responsable de los datos personales que voluntariamente nos proporcione a trav\u00e9s del sitio web <a href=\"http:\/\/www.matsui.com.mx\">www.matsui.com.mx<\/a> a trav\u00e9s de estas pol\u00edticas de privacidad, en el tratamiento de sus datos personales. En virtud de lo anterior, le solicitamos leer cuidadosamente el presente documento, y s\u00f3lo en caso de estar de acuerdo en los t\u00e9rminos y condiciones contenidos en el mismo, nos proporcione los datos personales simples conforme a los formularios que tenemos habilitados, los cuales ser\u00e1n tratados exclusivamente para los fines descritos en este aviso, asumiendo que, el hecho de que nos proporcione sus datos personales supone la previa lectura del presente documento y el consentimiento con los t\u00e9rminos del mismo.<\/p>\n\n\n\n<h2 class=\"wp-block-heading\"><strong>1.- Recopilaci\u00f3n de Datos.<\/strong><\/h2>\n\n\n\n<p><strong>Personales.<\/strong> Cuando Usted navegue por nuestro sitio <a href=\"http:\/\/www.matsui.com.mx\">www.matsui.com.mx<\/a>, pretenda realizar una consulta en materia legal o despejar alguna duda respecto de nuestros servicios, necesitaremos recabar de usted ciertos datos de identificaci\u00f3n personal (tales como nombre completo, domicilio, tel\u00e9fono y correo electr\u00f3nico). En caso de que la consulta planteada cause alg\u00fan honorario tambi\u00e9n utilizaremos la informaci\u00f3n que nos permita emitir recibos fiscales de pago, para lo cual utilizaremos informaci\u00f3n para facturaci\u00f3n (aquellos que establezcan las leyes fiscales necesarios para emitir un comprobante fiscal).<\/p>\n\n\n\n<h2 class=\"wp-block-heading\"><strong>2. Finalidad del Tratamiento de Datos.<\/strong><\/h2>\n\n\n\n<p>El Tratamiento de Datos por parte de LA FIRMA se limitar\u00e1 al cumplimiento de las Finalidades de Tratamiento previstas en el presente Aviso de Privacidad atendiendo al origen para los cuales ser\u00e1n recabados en el caso de consultas y asesor\u00edas se sujetar\u00e1 a lo siguiente:<\/p>\n\n\n\n<ol class=\"wp-block-list\">\n<li>Para identificarlo y poder darle una respuesta a la consulta o asesor\u00eda que nos haya presentado.<\/li>\n\n\n\n<li>Para establecer contacto con Usted.<\/li>\n<\/ol>\n\n\n\n<p>Le informamos que sus datos son importantes para poder brindarle una respuesta por lo tanto resultan indispensables para la prestaci\u00f3n de nuestros servicios de consultas y asesor\u00eda o bien para establecer una relaci\u00f3n jur\u00eddica con nosotros por lo que sus datos resultan indispensables para su tratamiento.<\/p>\n\n\n\n<h2 class=\"wp-block-heading\"><strong>3. Transferencias de datos.<\/strong><\/h2>\n\n\n\n<p>LA FIRMA no transferir\u00e1 sus datos personales a terceros.<\/p>\n\n\n\n<h2 class=\"wp-block-heading\"><strong>4. Medios para ejercer los Derechos de Acceso, Rectificaci\u00f3n, Cancelaci\u00f3n u Oposici\u00f3n (Derechos ARCO).<\/strong><\/h2>\n\n\n\n<p>Usted podr\u00e1 ejercer los derechos previstos en la Ley presentando el \u201cFormato Acceso, Rectificaci\u00f3n, Cancelaci\u00f3n u Oposici\u00f3n\u201d en adelante \u201cFormato de Derechos ARCO\u201d, el cual podr\u00e1 solicitar y presentar directamente en nuestras oficinas; asimismo, puede revocar, en todo momento, el consentimiento que haya otorgado y que fuere necesario para el tratamiento de sus datos, as\u00ed como limitar el uso o divulgaci\u00f3n de los mismos, debiendo sujetarse al procedimiento que abajo se menciona, en el entendido de que su solicitud ser\u00e1 resuelta a mas tardar en un plazo de 15 d\u00edas sin importar el medio que Usted elija, para ello usted deber\u00e1:<\/p>\n\n\n\n<ol class=\"wp-block-list\">\n<li>Presentar la solicitud de acceso a sus derechos ARCO directamente en nuestras oficinas, en un horario comprendido de las 9:00 am a las 15:00 pm., expresando el contenido exacto de su petici\u00f3n.<\/li>\n\n\n\n<li>Exhibir original y una copia de alguna identificaci\u00f3n oficial vigente y, en su caso, el documento mediante el cual acredita sus facultades de representaci\u00f3n (en caso de que Usted no sea titular).<\/li>\n\n\n\n<li>Describir con claridad los datos personales respecto de los cuales pretende ejercer alg\u00fan \u201cDerecho ARCO\u201d.<\/li>\n\n\n\n<li>La Firma resolver\u00e1 su solicitud en un plazo no mayor a cinco d\u00edas h\u00e1biles, para lo cual le contactaremos por el medio que Usted haya se\u00f1alado para comunicarle nuestra respuesta.<\/li>\n\n\n\n<li>Finalmente, una vez recibida su respuesta, en caso de que \u00e9sta resulte procedente La Firma proceder\u00e1 dentro de los 5 d\u00edas posteriores a realizar las acciones que correspondan con relaci\u00f3n al derecho que Usted hubiere ejercido. En caso de que la oposici\u00f3n resulte procedente sus datos ser\u00e1n bloqueados en t\u00e9rminos de la ley y posteriormente suprimidos.<\/li>\n<\/ol>\n\n\n\n<h2 class=\"wp-block-heading\"><strong>5. Uso de tecnolog\u00edas de seguimiento<\/strong><\/h2>\n\n\n\n<p>Al navegar en nuestro sitio, es probable que recabemos cierta informaci\u00f3n tecnol\u00f3gica a trav\u00e9s de herramientas como <em>cookies<\/em>, <em>registros del servidor<\/em> y\/o web beacons, con el objetivo de donde podemos obtener informaci\u00f3n como direcciones de Protocolo de Internet, datos del sistema operativo, tipo de navegador utilizado, informaci\u00f3n sobre su ubicaci\u00f3n (cuando navega en nuestro sitio a trav\u00e9s de dispositivos m\u00f3viles) entre otros.<\/p>\n\n\n\n<p>La finalidad de este tratamiento es estad\u00edstica y cuantitativa respecto del tr\u00e1fico de nuestro sitio, la cual nos servir\u00e1 para darle mantenimiento y actualizaci\u00f3n a nuestro sitio y para mejorar la experiencia del usuario.<\/p>\n\n\n\n<p>Sin embargo, si usted prefiere no utilizar estas herramientas deber\u00e1 acceder al men\u00fa \u201cHerramientas\u201d; dar clic en \u201cborrar datos de navegaci\u00f3n\u201d, seleccionar la opci\u00f3n \u201celiminar cookies y otros datos de sitios y de complementos\u201d, dar clic en \u201caceptar\u201d. Al deshabilitar o bloquear estos mecanismos se puede ocasionar que nuestro sitio no funcione correctamente. Para saber m\u00e1s sobre el tema, consulte http:\/\/www.allaboutcookies.org\/es\/.<\/p>\n\n\n\n<h2 class=\"wp-block-heading\"><strong>6. \u00a0Cambios al Aviso de Privacidad<\/strong><\/h2>\n\n\n\n<p>Cualquier cambio a este Aviso de Privacidad se har\u00e1 de su conocimiento por su publicaci\u00f3n en nuestras oficinas en el cual se se\u00f1alar\u00e1 la fecha de actualizaci\u00f3n del Aviso.<\/p>\n\n\n\n<h2 class=\"wp-block-heading\"><strong>7. Acciones para prevenir el uso o divulgaci\u00f3n no autorizada.<\/strong><\/h2>\n\n\n\n<p>La Firma guardar\u00e1 confidencialidad respecto de los Datos Personales que recabe, misma que subsistir\u00e1 aun despu\u00e9s de haberse finalizado su tratamiento, de acuerdo con los t\u00e9rminos del presente aviso. Los datos personales son administrados y resguardados mediante el uso de bases de datos, las cuales son administradas \u00fanicamente por las personas designadas por La Firma para tal efecto, sin que se permita su uso, consulta, manejo o acceso a personas no autorizadas y son resguardados mediante diversos mecanismos y procedimientos y medidas de seguridad administrativas, tecnol\u00f3gicas y f\u00edsicas que los protegen contra da\u00f1os, p\u00e9rdidas, alteraciones o destrucciones.<\/p>\n\n\n\n<h2 class=\"wp-block-heading\"><\/h2>\n","protected":false},"excerpt":{"rendered":"<p>MATSUI &amp; SALEM ABOGADOS (en lo sucesivo LA FIRMA), con domicilio en Avenida F\u00e9lix Cuevas 301, piso 9\u00b0, despacho 901, Colonia Del Valle, Alcald\u00eda Benito Ju\u00e1rez, C\u00f3digo Postal 03100, Ciudad de M\u00e9xico, a fin de dar cumplimiento a lo establecido por la Ley Federal de Protecci\u00f3n de Datos Personales en Posesi\u00f3n de los Particulares y [&hellip;]<\/p>\n","protected":false},"author":1,"featured_media":0,"parent":0,"menu_order":0,"comment_status":"closed","ping_status":"open","template":"","meta":{"footnotes":""},"class_list":["post-3","page","type-page","status-publish","hentry"],"_links":{"self":[{"href":"https:\/\/matsui.com.mx\/index.php\/wp-json\/wp\/v2\/pages\/3","targetHints":{"allow":["GET"]}}],"collection":[{"href":"https:\/\/matsui.com.mx\/index.php\/wp-json\/wp\/v2\/pages"}],"about":[{"href":"https:\/\/matsui.com.mx\/index.php\/wp-json\/wp\/v2\/types\/page"}],"author":[{"embeddable":true,"href":"https:\/\/matsui.com.mx\/index.php\/wp-json\/wp\/v2\/users\/1"}],"replies":[{"embeddable":true,"href":"https:\/\/matsui.com.mx\/index.php\/wp-json\/wp\/v2\/comments?post=3"}],"version-history":[{"count":5,"href":"https:\/\/matsui.com.mx\/index.php\/wp-json\/wp\/v2\/pages\/3\/revisions"}],"predecessor-version":[{"id":7820,"href":"https:\/\/matsui.com.mx\/index.php\/wp-json\/wp\/v2\/pages\/3\/revisions\/7820"}],"wp:attachment":[{"href":"https:\/\/matsui.com.mx\/index.php\/wp-json\/wp\/v2\/media?parent=3"}],"curies":[{"name":"wp","href":"https:\/\/api.w.org\/{rel}","templated":true}]}}

Política de privacidad

<p><strong>MATSUI &amp; SALEM ABOGADOS</strong> (en lo sucesivo LA FIRMA), con domicilio en Avenida Félix Cuevas 301, piso 9°, despacho 901, Colonia Del Valle, Alcaldía Benito Juárez, Código Postal 03100, Ciudad de México, a fin de dar cumplimiento a lo establecido por la Ley Federal de Protección de Datos Personales en Posesión de los Particulares y su Reglamento (en lo sucesivo “Ley”), es el responsable de los datos personales que voluntariamente nos proporcione a través del sitio web <a href="http://www.matsui.com.mx">www.matsui.com.mx</a> a través de estas políticas de privacidad, en el tratamiento de sus datos personales. En virtud de lo anterior, le solicitamos leer cuidadosamente el presente documento, y sólo en caso de estar de acuerdo en los términos y condiciones contenidos en el mismo, nos proporcione los datos personales simples conforme a los formularios que tenemos habilitados, los cuales serán tratados exclusivamente para los fines descritos en este aviso, asumiendo que, el hecho de que nos proporcione sus datos personales supone la previa lectura del presente documento y el consentimiento con los términos del mismo.</p>



<h2 class="wp-block-heading"><strong>1.- Recopilación de Datos.</strong></h2>



<p><strong>Personales.</strong> Cuando Usted navegue por nuestro sitio <a href="http://www.matsui.com.mx">www.matsui.com.mx</a>, pretenda realizar una consulta en materia legal o despejar alguna duda respecto de nuestros servicios, necesitaremos recabar de usted ciertos datos de identificación personal (tales como nombre completo, domicilio, teléfono y correo electrónico). En caso de que la consulta planteada cause algún honorario también utilizaremos la información que nos permita emitir recibos fiscales de pago, para lo cual utilizaremos información para facturación (aquellos que establezcan las leyes fiscales necesarios para emitir un comprobante fiscal).</p>



<h2 class="wp-block-heading"><strong>2. Finalidad del Tratamiento de Datos.</strong></h2>



<p>El Tratamiento de Datos por parte de LA FIRMA se limitará al cumplimiento de las Finalidades de Tratamiento previstas en el presente Aviso de Privacidad atendiendo al origen para los cuales serán recabados en el caso de consultas y asesorías se sujetará a lo siguiente:</p>



<ol class="wp-block-list">
<li>Para identificarlo y poder darle una respuesta a la consulta o asesoría que nos haya presentado.</li>



<li>Para establecer contacto con Usted.</li>
</ol>



<p>Le informamos que sus datos son importantes para poder brindarle una respuesta por lo tanto resultan indispensables para la prestación de nuestros servicios de consultas y asesoría o bien para establecer una relación jurídica con nosotros por lo que sus datos resultan indispensables para su tratamiento.</p>



<h2 class="wp-block-heading"><strong>3. Transferencias de datos.</strong></h2>



<p>LA FIRMA no transferirá sus datos personales a terceros.</p>



<h2 class="wp-block-heading"><strong>4. Medios para ejercer los Derechos de Acceso, Rectificación, Cancelación u Oposición (Derechos ARCO).</strong></h2>



<p>Usted podrá ejercer los derechos previstos en la Ley presentando el “Formato Acceso, Rectificación, Cancelación u Oposición” en adelante “Formato de Derechos ARCO”, el cual podrá solicitar y presentar directamente en nuestras oficinas; asimismo, puede revocar, en todo momento, el consentimiento que haya otorgado y que fuere necesario para el tratamiento de sus datos, así como limitar el uso o divulgación de los mismos, debiendo sujetarse al procedimiento que abajo se menciona, en el entendido de que su solicitud será resuelta a mas tardar en un plazo de 15 días sin importar el medio que Usted elija, para ello usted deberá:</p>



<ol class="wp-block-list">
<li>Presentar la solicitud de acceso a sus derechos ARCO directamente en nuestras oficinas, en un horario comprendido de las 9:00 am a las 15:00 pm., expresando el contenido exacto de su petición.</li>



<li>Exhibir original y una copia de alguna identificación oficial vigente y, en su caso, el documento mediante el cual acredita sus facultades de representación (en caso de que Usted no sea titular).</li>



<li>Describir con claridad los datos personales respecto de los cuales pretende ejercer algún “Derecho ARCO”.</li>



<li>La Firma resolverá su solicitud en un plazo no mayor a cinco días hábiles, para lo cual le contactaremos por el medio que Usted haya señalado para comunicarle nuestra respuesta.</li>



<li>Finalmente, una vez recibida su respuesta, en caso de que ésta resulte procedente La Firma procederá dentro de los 5 días posteriores a realizar las acciones que correspondan con relación al derecho que Usted hubiere ejercido. En caso de que la oposición resulte procedente sus datos serán bloqueados en términos de la ley y posteriormente suprimidos.</li>
</ol>



<h2 class="wp-block-heading"><strong>5. Uso de tecnologías de seguimiento</strong></h2>



<p>Al navegar en nuestro sitio, es probable que recabemos cierta información tecnológica a través de herramientas como <em>cookies</em>, <em>registros del servidor</em> y/o web beacons, con el objetivo de donde podemos obtener información como direcciones de Protocolo de Internet, datos del sistema operativo, tipo de navegador utilizado, información sobre su ubicación (cuando navega en nuestro sitio a través de dispositivos móviles) entre otros.</p>



<p>La finalidad de este tratamiento es estadística y cuantitativa respecto del tráfico de nuestro sitio, la cual nos servirá para darle mantenimiento y actualización a nuestro sitio y para mejorar la experiencia del usuario.</p>



<p>Sin embargo, si usted prefiere no utilizar estas herramientas deberá acceder al menú “Herramientas”; dar clic en “borrar datos de navegación”, seleccionar la opción “eliminar cookies y otros datos de sitios y de complementos”, dar clic en “aceptar”. Al deshabilitar o bloquear estos mecanismos se puede ocasionar que nuestro sitio no funcione correctamente. Para saber más sobre el tema, consulte http://www.allaboutcookies.org/es/.</p>



<h2 class="wp-block-heading"><strong>6.  Cambios al Aviso de Privacidad</strong></h2>



<p>Cualquier cambio a este Aviso de Privacidad se hará de su conocimiento por su publicación en nuestras oficinas en el cual se señalará la fecha de actualización del Aviso.</p>



<h2 class="wp-block-heading"><strong>7. Acciones para prevenir el uso o divulgación no autorizada.</strong></h2>



<p>La Firma guardará confidencialidad respecto de los Datos Personales que recabe, misma que subsistirá aun después de haberse finalizado su tratamiento, de acuerdo con los términos del presente aviso. Los datos personales son administrados y resguardados mediante el uso de bases de datos, las cuales son administradas únicamente por las personas designadas por La Firma para tal efecto, sin que se permita su uso, consulta, manejo o acceso a personas no autorizadas y son resguardados mediante diversos mecanismos y procedimientos y medidas de seguridad administrativas, tecnológicas y físicas que los protegen contra daños, pérdidas, alteraciones o destrucciones.</p>



<h2 class="wp-block-heading"></h2>

<p>MATSUI &amp; SALEM ABOGADOS (en lo sucesivo LA FIRMA), con domicilio en Avenida Félix Cuevas 301, piso 9°, despacho 901, Colonia Del Valle, Alcaldía Benito Juárez, Código Postal 03100, Ciudad de México, a fin de dar cumplimiento a lo establecido por la Ley Federal de Protección de Datos Personales en Posesión de los Particulares y [&hellip;]</p>
